 = 3*o. Give v(i).
-9
Let v(w) = w**3 + 56*w**2 - 129*w - 769. Let z be v(-58). Let u(a) = -a**2 - 16*a + 24. Determine u(z).
39
Suppose 4*h = 6*t - 3*t - 6, -7 = 5*t - h. Let b(m) = -16*m - 17. Determine b(t).
15
Let q(y) = -y**2 + 10*y + 19. Let x = -773 - -330. Let o = x - -454. Give q(o).
8
Let s be 32 - 12/16*4. Let n(q) = 0*q**2 - 2*q**2 + 31 + 2*q - s. What is n(2)?
-2
Let k(x) be the second derivative of 114*x + 0 - 1/2*x**2 + 49/6*x**3. Give k(1).
48
Let v(s) = s - 3. Let x be ((-150)/(-100))/(-3*3/(-54)). What is v(x)?
6
Let g(v) = v**3 - 6*v**2 + 10*v - 5. Let m(l) = -2*l**2 + 39*l + 24. Let p be m(20). Let r be g(p). Let q(j) = 0 - r*j + 3 - 1. What is q(4)?
-10
Let f(k) = k**3 - 20*k**2 + 36*k + 3. Let j be f(18). Let p be (2*1)/((-15)/j + 7). Let g(v) = -10*v + 1. Give g(p).
-9
Let h(n) = -n - 3. Let v be h(-5). Let w(m) = -m**v - m**3 - 2*m - 2 + m**2 - 3*m**2. Let b(x) = 13*x**2 + 54*x - 1542. Let f be b(9). What is w(f)?
4
Let f(h) be the first derivative of 3*h**2/2 - 7*h + 877. Suppose -7 = -3*p + 2*l, 3*l = 2*p - 3*p + 17. Determine f(p).
8
Let n(j) = -j**2 + 2*j + 6. Suppose 2*p = 3*r + 52 + 133, -5*p - 2*r + 453 = 0. Suppose 30*i - 59 = p. Determine n(i).
-9
Let r(d) be the third derivative of -d**4/3 - 40*d**3/3 - 4*d**2 + 2*d. Let l be r(-10). Let j(a) = a**3 + a**2 + 35. Determine j(l).
35
Let l(n) = -n**3 - 13*n**2 + 2*n - 5. Let h = -506 - -493. Give l(h).
-31
Let y(g) = g**2 - 5*g - 3. Let w be y(5). Let h(t) be the second derivative of -t**5/20 - t**4/6 + t**3/2 + 3*t**2/2 - 24*t. Give h(w).
3
Let x(t) = t - 3. Suppose -24 = 4*k - 4*s, s - 4*s - 6 = 0. Let y = 2 + k. Calculate x(y).
-9
Let b(c) be the first derivative of 7*c**3/3 - 2*c**2 + 5*c - 7. Let p be b(1). Let q(u) = u**2 - 9*u - 1. Give q(p).
-9
Let w be 1 + -11 + 2 + -1. Let r(g) = 2*g**2 - 23*g + 55. Let o be r(13). Let n(m) = -83 + 7*m + m**2 + o + 3*m. Calculate n(w).
2
Let w(r) = 9 - 2*r**2 - 17*r**3 - 4 - 1 - r - r**3 + 8*r**3. What is w(2)?
-86
Let z(u) be the third derivative of 11*u**4/24 - 29*u**3/2 - 645*u**2 - 2. Calculate z(8).
1
Let m(j) = -13*j + 176. Let k(x) = 12*x**2 - 25*x + 26. Let s be k(1). Give m(s).
7
Let n(r) be the second derivative of -r**4/3 - r**3/2 - 3*r**2/2 - 86*r + 3. Determine n(-3).
-30
Suppose -4*i = -5*n + 1, -i + 35 = 4*i + n. Suppose 0 = i*h - 10*h. Let q be 10/25*5 + h + 1. Let g(m) = -m**2 + 2*m - 1. What is g(q)?
-4
Let x(t) = -8*t - 63. Let p be 6/(-10 - 8)*18/3 + -6. Give x(p).
1
Suppose -t - 2*t = 4*q - 39, t = -4*q + 21. Let z(o) = 2*o**3 - 20*o**2 + 17*o + 6. Let w be z(t). Let s(x) = -x**3 - 4*x**2 - x + 4. Determine s(w).
-2
Let o(i) = -184423 - 2*i + 2*i + 184417 - 3*i**2. Calculate o(-3).
-33
Suppose 26 = 4*b - 0*t - 2*t, -5*t - 9 = 4*b. Let c(h) be the second derivative of 1/2*h**2 - 5*h - 1/6*h**3 + 0. What is c(b)?
-3
Let x(y) = -21*y**2 + 9*y - 5. Let j(k) = -38*k**2 + 17*k - 9. Let n(a) = 5*j(a) - 9*x(a). What is n(6)?
-12
Let d(s) be the second derivative of -s**5/60 + s**4/12 + s**3/3 - 11*s**2/2 + 2*s - 22. Let k(m) be the first derivative of d(m). Calculate k(-2).
-6
Suppose 3*w + 5*q - 7 = 0, -2*w - 4*q - 129 = -131. Let l(p) = -p**3 + 10*p**2 - 13*p + 51. Calculate l(w).
15
Let c(l) = -l**3 + 16*l**2 + 13*l + 34. Suppose 3*h + 160*p - 57 = 157*p, p + 49 = 3*h. What is c(h)?
-34
Let t(n) be the first derivative of -3*n**2/2 - 2*n - 11858. What is t(-2)?
4
Let p(r) = 5*r - 90. Let f(i) be the first derivative of 3*i - 70. Let l(j) = -30*f(j) - p(j). Determine l(2).
-10
Let p(b) = b**2 - 6*b - 2. Let n(f) = -f**2 - 7*f - 6. Suppose -35*l = -31*l + 12. Let x be n(l). Give p(x).
-2
Let v(y) = 3*y**3 - 3*y**2 - y + 7. Let c be v(2). Let f(r) = -19*r + 13 + c*r - 20 + 9. Determine f(5).
-8
Let n(a) be the first derivative of 47*a**3/3 - a**2/2 - 2984. Calculate n(1).
46
Suppose 2*p - 6*p + 5*t - 14 = 0, 4*p = 4*t - 8. Let c(d) be the third derivative of 0*d - 17*d**2 + 1/3*d**3 + 0 - 1/12*d**p. Give c(-4).
10
Suppose c - 5 = 2*z + 1, 13 = -5*z + 2*c. Let d be (-1)/z + 4 + -3. Let v(k) = 15 + 21 - k**d - 37 - k. Calculate v(2).
-7
Let w(o) = o**3 - 10*o**2 + 8*o + 11. Suppose -56*y + 43*y = -117. Determine w(y).
2
Let z(h) = 3*h - 5. Let c be z(3). Suppose c*d = -2*b - 38, -3*b = -5*d - b - 25. Let a(q) = q**2 + 9*q + 9. Calculate a(d).
-5
Let j(k) = -4*k**3 + 36*k**2 + 277*k - 13. Let v be j(-5). Let c(t) be the third derivative of -t**5/60 + t**4/24 - t**3/6 - t**2. Calculate c(v).
-3
Suppose 244*r - 276*r - 1 = -1. Suppose 2*w - 7 + 1 = 0. Let t(h) = 4*h**3 - 4 - 6*h**3 + h**w. Determine t(r).
-4
Let j(f) = f**3 - 11*f**2 + 7. Let o be j(11). Let i(t) be the second derivative of 2 + 17*t - 1/2*t**3 + 4*t**2. What is i(o)?
-13
Let y(a) = -14*a + 14. Let n be y(-2). Suppose -n = -z + 35. Let h(o) = -71*o + 3*o**2 - 8 + z*o - 2*o**2. Calculate h(-6).
-8
Let h = -252 - -349. Let f(r) = 39*r + 5*r**2 - 4*r**2 - h*r + 6 + 44*r. Calculate f(14).
6
Let k(v) = -v + 12. Let g(n) = -n + 13. Let r(b) = 4*g(b) - 5*k(b). Let u be 104/(-520)*15*-2. What is r(u)?
-2
Let p(q) = q + 1. Let l(m) = -7*m - 14. Let s(d) = -7*d - 13. Let k(u) = 3*l(u) - 4*s(u). Let w(v) = -k(v) + 2*p(v). Give w(7).
-43
Suppose 65 = 39*v - 94*v - 100. Let i(j) = -2*j**3 - 3*j**2 + 5*j + 2. Give i(v).
14
Let x(h) = -2*h - 22. Suppose -84 = 2*o - 86. Let j be 99/66*(o + (-1 - 8)). Calculate x(j).
2
Let h = 32 + -41. Let y be (h/6)/((-3)/28). Let a be (y/(-3))/(-3 - (-14)/6). Let u(t) = -t**2 + 7*t + 2. What is u(a)?
2
Let v = 20335 - 20320. Let p(x) = -9*x + 131. Determine p(v).
-4
Let v(h) = 15*h**2 - 52*h + 13. Suppose -a = -4*a + 18. Let m(k) = 7*k**2 - 25*k + 6. Let w(u) = a*v(u) - 13*m(u). What is w(12)?
12
Suppose o - 6 = 3*z, -3*z + 9 = 7*o - 3*o. Let m(x) = -7*x**2 + 9*x. Let v(n) = 3*n**2 - 4*n. Let a(f) = -4*m(f) - 9*v(f). Calculate a(z).
1
Let i(f) = -f**2 + 11*f - 8. Let p(y) = -y**2 + 16*y - 8. Suppose 7*u = 4*u + w + 42, -42 = -2*u - 4*w. Let s be p(u). Determine i(s).
20
Let i(c) = c**2 - 4*c - 1. Let d(b) = 5*b**2 - 19*b - 5. Let x(y) = -2*d(y) + 11*i(y). Let n be 5*(1 - (-30)/(-25)). Let m = n + 6. Determine x(m).
-6
Let c = 2740 - 2734. Let n(a) be the second derivative of 0*a**4 + c*a - 1/20*a**5 + 0 - 1/6*a**3 - 5*a**2. Give n(0).
-10
Let n(a) = 2*a**3 - 34*a**2 - 19*a - 300. Let k be n(18). Let f(i) = -9 + 0*i - 3*i + 4*i. Calculate f(k).
-3
Let y(d) = d**3 - d - 4. Let z be (-2 + 12/8)*14. Let j = 9 + z. Let f be (1 + -3 + j)*1*-1. What is y(f)?
-4
Let y(a) = -75*a**3 - 3*a**2 - 3*a - 57 + 33*a**3 + 34*a**3 + 55. What is y(-1)?
6
Let k(d) = d + 9. Let s be k(-9). Suppose s = -7*q - 13 - 1. Let z(a) = 5*a + 7. Let h be z(q). Let v(i) = -i - 6. Determine v(h).
-3
Let m(u) = u**2 + 15*u - 26. Let h be m(-17). Let w = 9 + -6. Let i = w - h. Let f(k) = -2*k - 6. Calculate f(i).
4
Let s(z) = -15 + 3 + 11 - 34*z + 2*z. Let m be s(-3). Let g be (-8)/76 + 10/m. Let f(x) = -x**2 - x + 7. Determine f(g).
7
Let m(k) = -k + 13. Let x(a) = -10*a + 22. Let p(g) = g. Let n(i) = 3*p(i) - x(i). Let c be n(-9). Let o = -128 - c. Determine m(o).
2
Let i(c) = 2*c - 2. Suppose 4*l = 10*l + 2160. Let t = l + 354. Give i(t).
-14
Suppose -5*a + a = -24. Let l(o) = 11 - 32 - 3*o + o**2 + 16 + 0*o. Give l(a).
13
Let z(r) = 2*r**3 + r**2 - r - 2. Let l be z(0). Suppose -6*f + 36 = -6. Let i(v) = 3 - v**2 + 4 - f + v - 1. Give i(l).
-7
Let c(f) = -f**2 - 23*f + 64. Let y(o) = -111*o**2 - 4329*o - 26. Let s be y(-39). Calculate c(s).
-14
Let c(t) = 21*t + 67. Let w(m) = -58*m - 201. Let n(v) = -8*c(v) - 3*w(v). What is n(-9)?
13
Suppose -31*x - 24 = -210. Let w(g) be the second derivative of g**3/2 - 7*g**2/2 + 4*g + 6. Give w(x).
11
Let x be -4 + ((-30)/(-10) - (-2 - -8)). Let d(m) = m**2 + 10*m - 10. Give d(x).
-31
Let z(p) be the third derivative of -p**5/60 - 5*p**4/8 + 17*p**3/6 - 2707*p**2. Calculate z(-15).
17
Let i = 10 - 10. Suppose 3*m = m - z + 2, 5*m + z - 2 = i. Suppose 3*a = -m*a - 15. Let p(g) = g**3 + 4*g**2 - 7*g - 1. Determine p(a).
9
Suppose -2*i - i - 2*w = 12, 4*i + 3*w = -16. Let h(k) = -k**3 + 14*k**2 - 14*k + 15. Let c be h(13). Let b(v) = -6*v + 0*v**c - 4 - 2 - 2*v**2. Calculate b(i).
-14
Let u(d) = 5 - 5*d - 1341*d**3 + d**2 + 2688*d**3 + 1 - 2 - 1341*d**3. Calculate u(1).
6
Let h be (10/(-4))/(1/8). Let y = h - -22. L